common divisor of 7027722 and 2097?
9
What is the highest common divisor of 4761 and 12803916?
1587
Calculate the highest common factor of 14505466 and 8.
2
Calculate the greatest common divisor of 10972 and 144746.
422
What is the greatest common factor of 5002463532 and 132?
132
Calculate the greatest common divisor of 76890 and 505230.
330
What is the highest common divisor of 546 and 52510692?
78
What is the highest common divisor of 868 and 13476506?
62
What is the highest common divisor of 12529 and 2080816320?
12529
What is the highest common divisor of 3340 and 2730784?
668
Calculate the highest common divisor of 37361940 and 12705.
1155
What is the greatest common factor of 47543383 and 29?
29
Calculate the greatest common divisor of 10136433 and 129.
129
What is the greatest common divisor of 752304 and 17136?
336
Calculate the highest common factor of 714054 and 561.
33
Calculate the greatest common divisor of 17778229 and 14049.
1561
Calculate the highest common factor of 364823 and 10028.
109
What is the greatest common factor of 6336 and 993520?
176
What is the greatest common factor of 108397267 and 22473?
2497
What is the greatest common divisor of 84 and 1120686?
42
Calculate the highest common divisor of 717053 and 14368.
449
What is the highest common factor of 33077 and 149215?
11
What is the highest common divisor of 30906062 and 121?
121
Calculate the highest common factor of 2094666 and 1245884.
1882
What is the highest common factor of 54229 and 1613633?
427
What is the greatest common divisor of 300 and 1225025700?
300
Calculate the greatest common divisor of 552 and 4951578.
138
What is the highest common divisor of 714 and 7496748?
42
Calculate the greatest common factor of 801 and 594657.
9
Calculate the highest common factor of 583055 and 12760.
55
What is the highest common factor of 34641396 and 18?
18
Calculate the greatest common divisor of 69198 and 131898.
114
What is the highest common factor of 4355655 and 34713?
1653
What is the greatest common factor of 268270 and 1656880?
1390
Calculate the greatest common divisor of 17291168 and 9152.
32
Calculate the highest common divisor of 136545332 and 66.
22
What is the greatest common divisor of 40 and 9024490?
10
What is the greatest common factor of 21791 and 1961344?
77
Calculate the greatest common divisor of 503 and 247313028.
503
What is the greatest common factor of 284581193 and 167?
167
Calculate the highest common divisor of 423483 and 2.
1
What is the greatest common factor of 47656818 and 1386?
198
Calculate the highest common factor of 3165190 and 2520.
70
Calculate the highest common divisor of 3257169 and 43077.
249
What is the highest common divisor of 649 and 4463448?
11
Calculate the highest common divisor of 587016 and 7688.
248
Calculate the greatest common factor of 50717 and 53997.
41
What is the greatest common divisor of 3170 and 533230?
10
What is the highest common divisor of 563974 and 25?
1
What is the greatest common factor of 89436851 and 1883?
1883
What is the highest common divisor of 10808 and 2742320?
56
What is the highest common divisor of 51 and 22302402?
51
Calculate the highest common factor of 4590 and 62578020.
510
Calculate the highest common factor of 883260740 and 13880.
6940
What is the greatest common divisor of 46926 and 7979?
79
Calculate the highest common divisor of 17879340 and 15.
15
What is the highest common divisor of 3710 and 2650130?
70
What is the highest common divisor of 38070 and 741660?
1410
What is the highest common divisor of 28776 and 4904128?
872
What is the greatest common factor of 92 and 883706?
46
Calculate the greatest common factor of 2279 and 141857.
43
What is the greatest common factor of 9464 and 36059023?
1183
Calculate the highest common factor of 144484927 and 6145.
1229
Calculate the greatest common divisor of 117 and 48680931.
39
Calculate the greatest common factor of 140436790 and 19.
19
Calculate the highest common factor of 502200 and 11554650.
4050
Calculate the highest common divisor of 4359051 and 9.
9
What is the greatest common factor of 2483539 and 9691?
881
What is the highest common factor of 12 and 200662488?
12
What is the greatest common divisor of 49 and 263206811?
7
Calculate the highest common factor of 164706 and 699564.
582
Calculate the highest common divisor of 351 and 40281267.
39
What is the greatest common factor of 91760838 and 6?
6
What is the greatest common divisor of 489273 and 2511?
93
What is the greatest common factor of 17206896 and 107568?
3984
What is the highest common divisor of 1975555447 and 97?
97
Calculate the highest common factor of 2615177916 and 936.
468
What is the highest common divisor of 14540 and 207740?
20
What is the greatest common divisor of 90988 and 11270?
46
Calculate the greatest common divisor of 10710 and 15420.
30
What is the greatest common divisor of 364 and 2806334804?
364
What is the highest common divisor of 267230 and 230?
10
Calculate the highest common divisor of 2895048 and 832.
104
What is the greatest common divisor of 23221023 and 6636?
1659
Calculate the greatest common divisor of 580069393 and 34.
17
Calculate the highest common factor of 14784 and 4268418.
462
Calculate the highest common divisor of 24959356 and 32.
4
What is the greatest common divisor of 17 and 27186077?
17
Calculate the greatest common divisor of 1980145 and 2165.
5
Calculate the highest common divisor of 280 and 270340.
140
Calculate the highest common divisor of 1482 and 291033678.
1482
What is the greatest common factor of 26 and 1479244?
26
Calculate the highest common divisor of 84 and 17288257.
7
What is the highest common divisor of 6570 and 104720106?
438
Calculate the highest common divisor of 27001 and 10751.
13
What is the greatest common factor of 67127193 and 14?
7
Calculate the highest common divisor of 1000 and 297230.
10
What is the highest common factor of 228 and 3703917?
57
What is the greatest common divisor of 1335320 and 5149?
19
What is the highest common divisor of 1016 and 826424?
8
What is the highest common divisor of 519872 and 28779789?
8123
Calculate the greatest common factor of 84652365 and 315.
105
Calculate the greatest common factor of 3056 and 5085948.
764
Calculate the greatest common factor of 498 and 11991093.
249
Calculate the highest common factor of 101522831 and 2776.
347
Calculate the greatest common factor of 17061 and 338437.
121
What is the highest common factor of 1176 and 371224?
392
What is the highest common divisor of 10650 and 15258042?
426
What is the greatest common factor of 15729593 and 178?
89
What is the greatest common divisor of 3507156970 and 20?
10
Calculate the greatest common factor of 6400800 and 90400.
800
What is the greatest common divisor of 8119076 and 35?
7
What is the greatest common factor of 30981 and 606150?
1347
Calculate the greatest common factor of 2 and 62088374.
2
Calculate the highest common factor of 252 and 153483036.
84
What is the greatest common factor of 850 and 772430?
10
What is the highest common factor of 327 and 77832213?
327
Calculate the greatest common divisor of 9010 and 33577090.
530
Calculate the highest common factor of 112034 and 5977.
139
What is the greatest common factor of 19842830 and 1120?
70
What is the greatest common factor of 551 and 2637637?
551
What is the highest common divisor of 26180 and 39460?
20
What is the highest common factor of 4548624 and 13257?
1473
Calculate the greatest common factor of 8118 and 379962.
198
What is the greatest common divisor of 650 and 11641370?
130
Calculate the greatest common divisor of 260285064 and 60.
12
What is the highest common divisor of 17702003 and 8107?
737
What is the greatest common divisor of 39 and 3232896069?
39
Calculate the highest common factor of 11889538 and 99166.
358
Calculate the highest common divisor of 677836 and 1164.
388
Calculate the highest common factor of 111 and 174818710.
37
Calculate the greatest common factor of 6831871 and 123.
41
Calculate the highest common factor of 325 and 13001475.
25
Calculate the greatest common factor of 77490 and 45715.
205
Calculate the greatest common factor of 245778775 and 76.
19
Calculate the greatest common divisor of 